o + 32, 2*d = -2*o - 0*o. Let z(n) = 0 + o*n**2 - 3*n**2 + 1 - 6*n. Determine z(x).
-7
Suppose 6*z = 7*z - 3. Suppose 5*c - 20 = -z*b + c, 4*b = -c + 5. Let h(f) = -f**2 + f - 3. What is h(b)?
-3
Suppose c = 4*g + g - 22, -5*c = 4*g - 6. Let u(x) = -x**2 + 6*x - 4. Give u(g).
4
Let x be (-8)/12 - (-3)/(27/42). Let u(a) be the second derivative of -a**4/6 + 5*a**3/6 + a**2 - 2*a. What is u(x)?
-10
Let a(l) = 2*l + 5. Suppose 2*d - 5 = 5*y, -3*d - 2*y - 3*y - 5 = 0. Suppose 3*i = 3*g - 15, 3*g = -2*i - d*g - 5. Give a(i).
-3
Let b(f) = -11*f + 9. Suppose -6*u = -2*u - 24. Let r(k) be the first derivative of -2*k**2 + 3*k + 6. Let i(d) = u*b(d) - 17*r(d). Calculate i(-2).
-1
Let y = 11 + -9. Let t(m) be the first derivative of 1/2*m**2 - 2 - y*m. Determine t(4).
2
Suppose 0 = 4*d - 2*d - 4. Let q(f) be the first derivative of f**2 + 2*f - 29. Calculate q(d).
6
Suppose 5*z - 20 - 6 = a, 0 = -z + a + 6. Let s(k) = k**3 - 5*k**2 - 2*k - 2. Determine s(z).
-12
Let y(h) = -3*h + 1. Let l(s) = -6*s + 2. Let d(q) = 3*l(q) - 5*y(q). Suppose 4*v + 3*u - 23 = 0, -3*v + 2*u = -8*v + 20. Calculate d(v).
-5
Let c(b) = -3*b**3 + 6*b**2 - b - 1. Let p(g) = 3*g**3 - 5*g**3 + g**3 + g**2. Let a(y) = -c(y) + 4*p(y). Let d = -49 + 47. Determine a(d).
-1
Let r = -8 - -11. Let y(z) = 4*z**2 - 4*z - 9 - r*z**2 + 3. What is y(5)?
-1
Suppose 4*z = z. Let m be 3*(-2 + 3 - z). Let d(f) = f**3 - 2*f**2 - 3*f + 4. Give d(m).
4
Suppose 2*b = -0*b. Suppose 0 = -4*l - j - 24, 2*j + b = -8. Let v(y) = y**2 + 3*y + 2. Calculate v(l).
12
Let y(h) = -h**2 - 10*h - 8. Let q(i) = -i - 1. Let x(b) = -5*q(b) + y(b). Give x(-3).
3
Let q(a) = a**2 + 8*a + 10. Suppose 0 = -12*h - 6*h - 126. Determine q(h).
3
Let h(m) = -m**2 - 6*m + 4. Let q be h(-6). Let n = 12 - q. Suppose 3*w - 1 = 5, 4*b = 4*w - n. Let j(c) = -c + 7. Calculate j(b).
7
Let i(o) = o + 3. Let q be i(0). Let w(g) = q*g**2 + 3*g**2 - 6*g + 7 - 5*g**2. Let v(s) = s**3 - s**2 + s - 1. Let m be v(2). What is w(m)?
2
Let z(b) = -1 + 2 + 4*b + 6 - 1. What is z(-4)?
-10
Let a(g) = 3*g**2 - 2. Suppose 3*q - 2 - 4 = 0. Give a(q).
10
Let a(s) be the second derivative of -s**3/6 - 9*s**2/2 - 2*s. What is a(-5)?
-4
Suppose -1 = 3*a - 2*f - 0, -4*f = -a - 17. Suppose -x + a = 2. Suppose -y + x = -0*y. Let n(t) = -6*t**3 - t + 1. Determine n(y).
-6
Let c = 1 + 0. Let s(i) = i**2 + i - 1. Let k(q) = q**3 - q + 2. Let u(d) = c*k(d) + 4*s(d). Let x(n) = n**2 + 2*n - 6. Let o be x(-3). Determine u(o).
-2
Let h(z) be the first derivative of 0*z**3 - 1/2*z**2 + 5/12*z**4 + 2 - 3*z. Let c(f) be the first derivative of h(f). Give c(1).
4
Let v(l) be the second derivative of l**5/10 - l**4/6 + l**3/6 - 4*l. Calculate v(2).
10
Let k = -28 + 22. Let y(r) = r**2 + 3*r - 3. Calculate y(k).
15
Let m(f) = -2*f**3 - 2*f**2 + 3*f + 3. Let b(l) = l - 3. Let n be b(10). Let v be 5*(-2 + 2 - -1). Let q = v - n. Calculate m(q).
5
Let z = -7 - -22. Let m = z + -11. Suppose 0 = c + m*c - 25. Let s(w) = w**3 - 5*w**2 + w. Give s(c).
5
Suppose 8 + 8 = -2*c. Let y(r) = -2*r - 12. Determine y(c).
4
Let j = -60 + 61. Let v(s) = -3*s**3 - 2*s**2 + s. Give v(j).
-4
Let g(j) = 0*j - 3*j + j + 13 + 0*j. What is g(10)?
-7
Let o(j) = -2 + 2*j - 6*j + 3*j + 2*j. Suppose -2*y + 6 = -0*y. Calculate o(y).
1
Let r(f) = -2*f - 1. Let w be (2 - (2 - 6)) + -4. Suppose 3*t + 24 = 2*a, 5*a - 38 = -0*t + 2*t. Suppose -a = -w*s + 5*s. What is r(s)?
3
Suppose 0 = -u + 6*u - 10. Let z(o) = 1 - 4 + u*o - 3*o. Suppose -9 = -0*h + 3*h. Give z(h).
0
Let y(g) = -g**2 + g. Let m be y(-1). Let n(q) = 2*q**3 + 4*q**2 + 2*q - 2. What is n(m)?
-6
Let r(v) = 2*v - v**2 + 0*v**2 + 2*v - 2. Calculate r(4).
-2
Suppose -w + 0 = -3. Suppose -w = -q - 0. Let f(d) = 3 - 2*d + q*d - 2*d. Determine f(5).
-2
Let o(i) be the third derivative of i**7/2520 - i**6/120 - i**5/40 - i**4/12 - 2*i**2. Let w(t) be the second derivative of o(t). Give w(6).
-3
Let n(a) be the second derivative of a**3/3 - 3*a. Suppose 0 + 3 = -3*k. Let g be (-1 - -1) + 0 + k. Determine n(g).
-2
Let i(h) = -8 - 2*h - h + 5*h - h**2 + 7*h. Calculate i(6).
10
Let r(x) = x - 1. Let f(m) = -4*m + 4. Let o(l) = 2*f(l) + 7*r(l). Let z be 0/(3 - (-1 - -6)). Let u be o(z). Let q(g) = -2*g**3 - 2*g**2 + 1. Give q(u).
-3
Let l = 4 + -6. Let d be ((-1)/l)/(3/6). Let j(q) = d + q + 1 + 3 - 2*q. What is j(0)?
5
Let u(x) be the second derivative of -1/12*x**4 + 1/2*x**2 + x**3 + 0 - x. Let y(s) = s - 1. Let q be y(6). Determine u(q).
6
Let n(h) = -5*h + 3. Let p(i) = -3*i + 1. Let k(r) = 2*n(r) - 5*p(r). Calculate k(1).
6
Let r(p) = -2*p + 1 - 2*p**2 - 2 - 5*p**2. Suppose -2*x = 3 - 1. What is r(x)?
-6
Let h(m) be the first derivative of -2*m**3/3 - 3*m**2/2 + 3*m - 25. Calculate h(-3).
-6
Let s(o) = o**2 - 6*o + 3. Suppose 0 = -4*u + 6*u - 12. Determine s(u).
3
Let g(n) = n**2. Let y = 1 - 7. Let i = y - -4. Determine g(i).
4
Let j(d) = d**3. Let k(w) = 4*w**3 + 3*w**2 + 2*w - 1. Let v(g) = -3*j(g) + k(g). Give v(-2).
-1
Let c(i) = 5*i - i**2 - 8 - 8 + 26 - 13. Calculate c(3).
3
Suppose 0 = 2*q - 0*q. Suppose -5*s + 7 + 3 = q. Let k(f) = 0*f - 3*f + 2 + 3*f - f + s*f**2. Give k(2).
8
Let p be (-10 + 10)/((-4)/2). Let u(b) be the third derivative of -b**6/120 + b**5/60 - b**4/24 + 5*b**3/6 + 3*b**2. Calculate u(p).
5
Let b(c) = -5*c**2 + 2*c + 1. Let t be b(-1). Let h be ((-21)/18 + 1)*t. Let p(x) = 15*x**2 + 1. Calculate p(h).
16
Let z(d) = -35 + 2*d - 35 + 69. Calculate z(-8).
-17
Let b(q) = -5 + 1 - 5*q + 9*q - 5*q. Suppose -2*t = -4*j + 10, 10 = -2*t - 2*j - 3*j. Calculate b(t).
1
Let s(z) = -z**2 + 6*z + 4. Let j be 38/4 - 4 - 3/(-2). Calculate s(j).
-3
Let z(c) = -3*c**2 - 7*c. Let r(u) = -2*u**2 - 4*u. Let y(n) = -5*r(n) + 3*z(n). Let w(a) = a. Let x be w(-3). Determine y(x).
12
Suppose d = u - 2, 4*d + 5*u = 2 - 1. Let f(n) = 17*n**2 + 1. What is f(d)?
18
Let p(m) = m**2 - 20*m + 32. Let z be p(18). Let w(j) = j**2 + j - 5. Calculate w(z).
7
Let u(n) = n + 7. Let l be 162/(-8) + 5/20. Let g = -23 - l. Determine u(g).
4
Let y(b) = -b**3 + 7*b**2 - 7*b + 6. Let c(f) = -f**2 + 10*f - 3. Let k = 6 + -14. Let g be (-66)/k - (-15)/20. Let x be c(g). Calculate y(x).
0
Let n(t) = -t**3 + t**2 + t + 2. Let k be n(2). Suppose 0*i - 2*i - 6 = k. Let z(p) = -p. Let s(d) = 6*d + 1. Let a(m) = s(m) + 5*z(m). Calculate a(i).
-2
Let c(j) = -2*j + 2. Let t be (-108)/45*10/(-4). Calculate c(t).
-10
Let m(h) = 3*h + 15. Let p(l) = -1. Let q(i) = m(i) + 6*p(i). Let w(r) = r**2 - 10*r + 19. Let s be w(8). Let b = s + -9. Calculate q(b).
-9
Suppose 5*r + 22 + 8 = 0. Let f(o) = o**2 + 6*o + 6. Give f(r).
6
Suppose 2*g = -2*j - 2, -5*g + 5*j = -13 - 12. Suppose g*r = r + 3. Let d(m) = 4 - r*m**2 + 2*m**2 - m - 2 - 3. Give d(0).
-1
Suppose 5 + 6 = 5*d - 4*m, 2*d + 3*m - 9 = 0. Let t(u) = 2 - d - 2*u**2 + 0*u + u**3 - u. Determine t(3).
5
Let j be (-10)/(-4) + 0 - 2. Let o(q) be the second derivative of -2*q + j*q**2 + 1/20*q**5 + 1/6*q**4 + 1/6*q**3 + 0. Determine o(-2).
-1
Let m(d) = 4*d**2 - d**3 - 8*d**2 + 0*d**3 + 4 + d. Determine m(-4).
0
Suppose -3*b = -6*b + 6. Let d(y) be the first derivative of y**3/3 + y**2/2 - 2*y + 7. Give d(b).
4
Let k(y) = -8*y**2 - y + 1. Let h be -2 + 0/(-6 + 0). Calculate k(h).
-29
Let m(s) = s**3 + 10*s**2 - 12*s - 10. Let g be m(-11). Let u(n) be the first derivative of 7*n**4/4 + n**3/3 - n**2/2 - 1. Give u(g).
7
Let h(a) = -4*a - 19. Let x be h(-4). Let r(b) = -b**2 - 7*b - 2. Let v(f) = -3*f**2 - 20*f - 6. Let c(q) = 11*r(q) - 4*v(q). Determine c(x).
2
Let p(j) = j**2 + 7*j + 2. Let u(a) = -6*a**2 + 2*a + 2. Let k be u(-1). Determine p(k).
-4
Let r(q) = 7*q + 7. Let x(w) = -3 + 3 - w + 0 - 1. Let p(l) = -r(l) - 6*x(l). Determine p(-5).
4
Suppose 4*b = 5 - 1. Let x(h) = h + 2*h**2 - 2*h**3 + 0*h + 3*h**3 - 2*h. What is x(b)?
2
Let p(b) be the second derivative of b**5/20 - b**4/3 - 5*b**3/6 + 3*b**2/2 - 12*b. What is p(5)?
3
Let u(z) be the first derivative of -z**4/4 - z**3/3 + z**2/2 + z + 10. Determine u(-1).
0
Let s(r) = r**2 + 5*r - 7. Let q be s(-6). Let a be q*(1 + -1 + -2). Let z(p) = -p**2. Give z(a).
-4
Let d be (-4)/(-14) + (-153)/21. Let j(u) = -5*u**3 + 3*u**2 - 8*u + 3. Let p(h) = 6*h**3 - 4*h**2 + 9*h - 3. Let m(l) = d*j(l) - 6*p(l). Give m(3).
3
Let q(r) = r**2 - 5*r + 4. Let x = -184 + 188. Give q(x).
